*m + h + 28. What is the highest common divisor of m and 96?
3
Let w(b) = b**3 - 10*b**2 - 9*b - 13. Let k be w(11). Let f(m) = 2*m**2 - 10*m - 2. Let c be f(k). Calculate the greatest common factor of c and 112.
14
Let o = 48 + 34. Suppose 38 = 15*f - o. Let l(r) = -15*r + 1. Let t be l(-1). What is the highest common factor of f and t?
8
Suppose -4*h - 3*l = -2*h - 738, -2*l = 2*h - 742. Calculate the highest common divisor of h and 75.
75
Suppose 2*s - 15*s - 104 = 0. Let k be (-36)/(-8)*s/(-12). Let i = 12 + 6. What is the highest common factor of k and i?
3
Suppose -16*m + 18*m - 62 = -4*b, -38 = -b - 5*m. What is the greatest common factor of 104 and b?
13
Let m be ((-84)/98)/(((-132)/12)/1925). What is the highest common factor of m and 16350?
150
Suppose u - 4*w = 224, 4*w + 1043 = 4*u + 75. Let h = -4 - -6. Let o be 1*(-3 + h)*-31. What is the highest common divisor of o and u?
31
Let f = 23249 + -23025. Calculate the greatest common factor of 12208 and f.
112
Let m(d) = 6*d**2 - 5*d + 12. Let n be (1 - 110/90) + (-58)/(-18). Let u be m(n). What is the greatest common divisor of u and 51?
51
Let k = -249 + 359. Suppose -j = -9 - k. Calculate the greatest common divisor of j and 17.
17
Let b = -110 - -5051. Calculate the greatest common divisor of b and 243.
81
Let a be 611/(-705) - 2/15. Let r be (1 - a)/(2 + -1). Calculate the highest common divisor of r and 2.
2
Let y = 173 - 167. Suppose 0 = j + 4*t - 117, -5*t = -y*t. What is the greatest common factor of j and 18?
9
Let j be (-10)/(-4)*28/35. Suppose 0 = p + j*p - 174. Suppose 4*i + p = 2*w, -2 = 3*w - 4*i - 95. Calculate the highest common factor of 5 and w.
5
Let m(u) = -u**3 + 58*u**2 - 247*u - 62. Let b be m(51). What is the highest common divisor of b and 152?
76
Let n = -96 - -200. Let x = 21 - n. Let u = x + 153. What is the highest common divisor of u and 20?
10
Suppose -126 = -4*t - 122. Calculate the highest common divisor of t and 263.
1
Let w be -1*(28/(-4) + 0). Let c = 178 + w. Suppose -3*n - 2*n + c = 0. What is the highest common factor of 37 and n?
37
Suppose -3840 = 59*t - 75*t. Calculate the greatest common factor of 330 and t.
30
Let o(m) = -3*m - 2 + 6 + 5*m. Let v be o(5). Suppose -3*r + 2*f = 10 - 15, 5*r + 5*f - 75 = 0. What is the highest common divisor of r and v?
7
Let m = 246 - 228. Let c be 1 - ((-14)/4 - 27/m). What is the highest common divisor of c and 30?
6
Suppose -1112 = 5*x - 2*v + 3*v, 9 = 3*v. Let n = 253 + x. Calculate the greatest common factor of n and 70.
10
Let q(a) be the first derivative of 2*a**3/3 + a**2/2 + 4*a + 29. Let d be q(4). Suppose -119*c + 123*c = d. What is the highest common factor of c and 110?
10
Let n = -165 - -801. Let x = 1608 - n. What is the highest common divisor of 36 and x?
36
Let i(z) be the second derivative of 5*z**3/3 - 3*z**2 + 6*z. Let g be i(4). Suppose 17*o = 191 + 1254. Calculate the greatest common factor of g and o.
17
Suppose -48*d + 9*d = 7*d. Let c be 28920/300 + d + 2/(-5). Calculate the highest common divisor of 264 and c.
24
Let h be 3/2 + 3093/6. Suppose 4*k + 2*q = 5*q + 432, 5*k - h = -2*q. What is the greatest common factor of k and 42?
21
Suppose u - 4*f + 32 = 5*u, 22 = 4*u + 2*f. Suppose -6*q + 177 = -q + 3*l, -111 = -3*q + u*l. What is the highest common divisor of q and 96?
12
Suppose 0 = -w - 32 + 97. Let p(l) = -l**3 - 14*l**2 + 13*l + 35. Let n be p(-15). What is the greatest common divisor of n and w?
65
Let j(b) = b**3 + 45*b**2 + 11*b + 141. Let n be j(-39). Calculate the highest common divisor of n and 18.
18
Suppose 49*p - 7 = -7. Suppose p = 5*c + 10, 5*f - 16*c - 236 = -18*c. What is the greatest common factor of f and 36?
12
Suppose -2*q + 102 = -m - 44, 3*m = -q + 45. What is the highest common factor of 1472 and q?
23
Let o be 10 + 1 - (-17 + 24 + (-20 - -3)). Let h be 128/3 - (-4)/(-6). Calculate the highest common divisor of o and h.
21
Let k be 96/(-18)*15/(-2)*12/20. Calculate the greatest common divisor of k and 6576.
24
Let k be (-3 + 4)/((-5)/(-305)). Suppose -19*a + k - 23 = 0. Suppose 0 = 2*i + 5*v - 43, -3*i + 4*v + a = -2*i. What is the greatest common factor of 182 and i?
14
Let i(c) = -c**2 + 33*c - 32. Let k be i(13). Let v = k + -222. What is the greatest common divisor of 78 and v?
6
Let j be -7*12/(-7) + 14. Calculate the greatest common divisor of j and 793.
13
Suppose 5*g - 3*m = 10495, -2*g - 3*m + m + 4182 = 0. Calculate the greatest common divisor of g and 131.
131
Suppose 411*u = 250*u + 84847. Calculate the greatest common factor of 93 and u.
31
Let l be (9 - 12) + 1*-2. Let z = l - -16. Let p be (-668)/(-44) + (-2)/z. What is the highest common divisor of 150 and p?
15
Let d = 7156 - 7090. Let j = 2025 - 1176. Suppose -3*y = -j + d. Calculate the greatest common divisor of 29 and y.
29
Suppose 132 + 584 = 4*f. Suppose -19*l + f = -87. Calculate the greatest common factor of l and 49.
7
Let o be (8 - (4 + -2))*8/((-544)/(-238)). What is the highest common factor of o and 18627?
21
Let y be (4/(-10))/(6/(-90)). Let t be 16/(-4) + y/1. Let g(b) = -b**3 - 15*b**2 - 13*b + 16. Let h be g(-14). Calculate the greatest common divisor of h and t.
2
Let m(q) = 23*q**2 + 29*q - 28. Let b be m(1). Calculate the highest common factor of 2436 and b.
12
Let i = 102 - 319. Let r = 147 + i. Let q be (7/r - (-2)/(-5))*-170. Calculate the greatest common factor of 17 and q.
17
Let t be (-6)/18*-57*-1. Suppose -4*i - 3*d = -9*i + 237, -i + 3*d + 57 = 0. Let l = t + i. Calculate the greatest common factor of l and 117.
13
Suppose -7*n + 120 = -12*n. Let y = n + -13. Let m = 57 + y. What is the highest common divisor of 5 and m?
5
Let y be 116/(-2) + 4 + -3. Let u = 62 + y. Suppose 3*f = -3, f = u*c + 2*f - 174. What is the greatest common divisor of c and 280?
35
Let y be (-18)/3*((-12)/18)/2. Let s be (((-147)/y)/(-3))/((-29)/(-116)). Calculate the greatest common divisor of 1666 and s.
98
Suppose -4*d + 610 = -2*b, -26*d - 456 = -29*d + 3*b. Calculate the highest common divisor of d and 1275.
51
Let i(r) = 13*r - 73. Let q be i(17). Suppose -2*l - 189 = -5*n + 4, -n = 4*l - 21. What is the greatest common factor of q and n?
37
Suppose 295*a + 69 = 3*g + 292*a, 0 = 4*g + a - 77. Let b be (1 + (-3)/6)*0. Suppose b = 5*n - 8*n + 30. Calculate the highest common factor of n and g.
10
Let b = -702 - -722. Suppose 0 = 3*t - t - 108. Let z be (-1*t/15)/((-4)/b). What is the greatest common divisor of 27 and z?
9
Let h be (-3 + 3)/(0 + 2). Suppose -6*q + 5268 - 372 = h. Suppose b = -7*b + q. What is the greatest common divisor of b and 153?
51
Let p = 334 + -163. Let j = p + -157. What is the greatest common divisor of j and 308?
14
Let f be 14 + (10 - 8) - -5544. Calculate the greatest common factor of f and 280.
40
Suppose 0 = -b + 26 + 334. Let y = -555 + 600. What is the greatest common factor of y and b?
45
Let m = 7 + 5. Let i be (16/m)/(2/3). Suppose -5*u = o - 61, 5*o + i*u = 84 + 198. What is the highest common divisor of o and 7?
7
Let n(s) = 16*s + 1462. Let u be n(0). Suppose -7*r + u = -442. What is the greatest common factor of r and 17?
17
Let z(h) = -h**2 + 59*h - 131. Let c be z(55). Suppose -82*t + c*t - 714 = 0. Let i be (-1 + (-1)/(-2))*-12. What is the greatest common divisor of t and i?
6
Let r = -138 - -141. Suppose 0 = -2*k - 2*p - p + 703, r*k - 1052 = -2*p. Calculate the highest common factor of k and 14.
14
Let g be (-141)/(-5*24/80). Calculate the greatest common divisor of g and 40.
2
Let o(l) = -7*l**2 + 500*l - 471. Let k be o(66). Calculate the greatest common divisor of k and 97.
97
Let z = 28733 - 18148. Calculate the greatest common divisor of 145 and z.
145
Let j(w) = -101*w - 346. Let f(o) = -34*o - 115. Let k(r) = -7*f(r) + 2*j(r). Let q be k(-3). Calculate the highest common divisor of q and 85.
5
Suppose -23312 = -61*d + 76911. What is the greatest common divisor of 62 and d?
31
Let f be 105/42 + (-475*1)/(4 + -6). Suppose 2 = 3*z - 70. What is the highest common divisor of z and f?
24
Suppose -13*q + 385 = -2*q. Suppose 0 = -22*g + q + 119. Calculate the highest common factor of g and 133.
7
Let o = -410 + 419. Let u be 7/21 - ((-132)/o - 1). Calculate the highest common divisor of u and 256.
16
Suppose 0 = -41*v + 36*v - 2*y + 18